{"id":410,"date":"2026-03-22T12:40:54","date_gmt":"2026-03-22T12:40:54","guid":{"rendered":"https:\/\/www.zateplovanisedlacek.cz\/?page_id=410"},"modified":"2026-03-22T12:40:54","modified_gmt":"2026-03-22T12:40:54","slug":"rodinny-dum-jaromer-2","status":"publish","type":"page","link":"https:\/\/www.zateplovanisedlacek.cz\/?page_id=410","title":{"rendered":"Rodinn\u00fd d\u016fm Jarom\u011b\u0159"},"content":{"rendered":"\n<figure class=\"wp-block-gallery has-nested-images columns-3 is-cropped wp-block-gallery-1 is-layout-flex wp-block-gallery-is-layout-flex\">\n<figure class=\"wp-block-image size-large\"><a href=\"https:\/\/www.zateplovanisedlacek.cz\/wp-content\/uploads\/2026\/03\/WhatsApp-Image-2026-01-21-at-17.19.00-2.jpeg\"><img loading=\"lazy\" decoding=\"async\" width=\"1024\" height=\"771\" data-id=\"411\" src=\"https:\/\/www.zateplovanisedlacek.cz\/wp-content\/uploads\/2026\/03\/WhatsApp-Image-2026-01-21-at-17.19.00-2-1024x771.jpeg\" alt=\"\" class=\"wp-image-411\" srcset=\"https:\/\/www.zateplovanisedlacek.cz\/wp-content\/uploads\/2026\/03\/WhatsApp-Image-2026-01-21-at-17.19.00-2-1024x771.jpeg 1024w, https:\/\/www.zateplovanisedlacek.cz\/wp-content\/uploads\/2026\/03\/WhatsApp-Image-2026-01-21-at-17.19.00-2-300x226.jpeg 300w, https:\/\/www.zateplovanisedlacek.cz\/wp-content\/uploads\/2026\/03\/WhatsApp-Image-2026-01-21-at-17.19.00-2-768x578.jpeg 768w, https:\/\/www.zateplovanisedlacek.cz\/wp-content\/uploads\/2026\/03\/WhatsApp-Image-2026-01-21-at-17.19.00-2-1536x1157.jpeg 1536w, https:\/\/www.zateplovanisedlacek.cz\/wp-content\/uploads\/2026\/03\/WhatsApp-Image-2026-01-21-at-17.19.00-2.jpeg 2040w\" sizes=\"auto, (max-width: 1024px) 100vw, 1024px\" \/><\/a><\/figure>\n\n\n\n<figure class=\"wp-block-image size-large\"><img loading=\"lazy\" decoding=\"async\" width=\"1024\" height=\"771\" data-id=\"412\" src=\"https:\/\/www.zateplovanisedlacek.cz\/wp-content\/uploads\/2026\/03\/WhatsApp-Image-2026-01-21-at-17.19.01-1024x771.jpeg\" alt=\"\" class=\"wp-image-412\" srcset=\"https:\/\/www.zateplovanisedlacek.cz\/wp-content\/uploads\/2026\/03\/WhatsApp-Image-2026-01-21-at-17.19.01-1024x771.jpeg 1024w, https:\/\/www.zateplovanisedlacek.cz\/wp-content\/uploads\/2026\/03\/WhatsApp-Image-2026-01-21-at-17.19.01-300x226.jpeg 300w, https:\/\/www.zateplovanisedlacek.cz\/wp-content\/uploads\/2026\/03\/WhatsApp-Image-2026-01-21-at-17.19.01-768x578.jpeg 768w, https:\/\/www.zateplovanisedlacek.cz\/wp-content\/uploads\/2026\/03\/WhatsApp-Image-2026-01-21-at-17.19.01-1536x1157.jpeg 1536w, https:\/\/www.zateplovanisedlacek.cz\/wp-content\/uploads\/2026\/03\/WhatsApp-Image-2026-01-21-at-17.19.01.jpeg 2040w\" sizes=\"auto, (max-width: 1024px) 100vw, 1024px\" \/><\/figure>\n\n\n\n<figure class=\"wp-block-image size-large\"><img loading=\"lazy\" decoding=\"async\" width=\"1024\" height=\"768\" data-id=\"413\" src=\"https:\/\/www.zateplovanisedlacek.cz\/wp-content\/uploads\/2026\/03\/WhatsApp-Image-2026-01-21-at-17.19.02-2-1024x768.jpeg\" alt=\"\" class=\"wp-image-413\" srcset=\"https:\/\/www.zateplovanisedlacek.cz\/wp-content\/uploads\/2026\/03\/WhatsApp-Image-2026-01-21-at-17.19.02-2-1024x768.jpeg 1024w, https:\/\/www.zateplovanisedlacek.cz\/wp-content\/uploads\/2026\/03\/WhatsApp-Image-2026-01-21-at-17.19.02-2-300x225.jpeg 300w, https:\/\/www.zateplovanisedlacek.cz\/wp-content\/uploads\/2026\/03\/WhatsApp-Image-2026-01-21-at-17.19.02-2-768x576.jpeg 768w, https:\/\/www.zateplovanisedlacek.cz\/wp-content\/uploads\/2026\/03\/WhatsApp-Image-2026-01-21-at-17.19.02-2-1536x1152.jpeg 1536w, https:\/\/www.zateplovanisedlacek.cz\/wp-content\/uploads\/2026\/03\/WhatsApp-Image-2026-01-21-at-17.19.02-2.jpeg 1821w\" sizes=\"auto, (max-width: 1024px) 100vw, 1024px\" \/><\/figure>\n\n\n\n<figure class=\"wp-block-image size-large\"><img loading=\"lazy\" decoding=\"async\" width=\"1024\" height=\"771\" data-id=\"414\" src=\"https:\/\/www.zateplovanisedlacek.cz\/wp-content\/uploads\/2026\/03\/WhatsApp-Image-2026-01-21-at-17.19.02-3-1024x771.jpeg\" alt=\"\" class=\"wp-image-414\" srcset=\"https:\/\/www.zateplovanisedlacek.cz\/wp-content\/uploads\/2026\/03\/WhatsApp-Image-2026-01-21-at-17.19.02-3-1024x771.jpeg 1024w, https:\/\/www.zateplovanisedlacek.cz\/wp-content\/uploads\/2026\/03\/WhatsApp-Image-2026-01-21-at-17.19.02-3-300x226.jpeg 300w, https:\/\/www.zateplovanisedlacek.cz\/wp-content\/uploads\/2026\/03\/WhatsApp-Image-2026-01-21-at-17.19.02-3-768x578.jpeg 768w, https:\/\/www.zateplovanisedlacek.cz\/wp-content\/uploads\/2026\/03\/WhatsApp-Image-2026-01-21-at-17.19.02-3.jpeg 1533w\" sizes=\"auto, (max-width: 1024px) 100vw, 1024px\" \/><\/figure>\n\n\n\n<figure class=\"wp-block-image size-large\"><img loading=\"lazy\" decoding=\"async\" width=\"1024\" height=\"702\" data-id=\"415\" src=\"https:\/\/www.zateplovanisedlacek.cz\/wp-content\/uploads\/2026\/03\/WhatsApp-Image-2026-01-21-at-17.19.03-4-1024x702.jpeg\" alt=\"\" class=\"wp-image-415\" srcset=\"https:\/\/www.zateplovanisedlacek.cz\/wp-content\/uploads\/2026\/03\/WhatsApp-Image-2026-01-21-at-17.19.03-4-1024x702.jpeg 1024w, https:\/\/www.zateplovanisedlacek.cz\/wp-content\/uploads\/2026\/03\/WhatsApp-Image-2026-01-21-at-17.19.03-4-300x206.jpeg 300w, https:\/\/www.zateplovanisedlacek.cz\/wp-content\/uploads\/2026\/03\/WhatsApp-Image-2026-01-21-at-17.19.03-4-768x526.jpeg 768w, https:\/\/www.zateplovanisedlacek.cz\/wp-content\/uploads\/2026\/03\/WhatsApp-Image-2026-01-21-at-17.19.03-4.jpeg 1392w\" sizes=\"auto, (max-width: 1024px) 100vw, 1024px\" \/><\/figure>\n\n\n\n<figure class=\"wp-block-image size-large\"><img loading=\"lazy\" decoding=\"async\" width=\"1024\" height=\"665\" data-id=\"416\" src=\"https:\/\/www.zateplovanisedlacek.cz\/wp-content\/uploads\/2026\/03\/WhatsApp-Image-2026-01-21-at-17.19.03-5-1024x665.jpeg\" alt=\"\" class=\"wp-image-416\" srcset=\"https:\/\/www.zateplovanisedlacek.cz\/wp-content\/uploads\/2026\/03\/WhatsApp-Image-2026-01-21-at-17.19.03-5-1024x665.jpeg 1024w, https:\/\/www.zateplovanisedlacek.cz\/wp-content\/uploads\/2026\/03\/WhatsApp-Image-2026-01-21-at-17.19.03-5-300x195.jpeg 300w, https:\/\/www.zateplovanisedlacek.cz\/wp-content\/uploads\/2026\/03\/WhatsApp-Image-2026-01-21-at-17.19.03-5-768x499.jpeg 768w, https:\/\/www.zateplovanisedlacek.cz\/wp-content\/uploads\/2026\/03\/WhatsApp-Image-2026-01-21-at-17.19.03-5-368x240.jpeg 368w, https:\/\/www.zateplovanisedlacek.cz\/wp-content\/uploads\/2026\/03\/WhatsApp-Image-2026-01-21-at-17.19.03-5.jpeg 1468w\" sizes=\"auto, (max-width: 1024px) 100vw, 1024px\" \/><\/figure>\n<\/figure>\n","protected":false},"excerpt":{"rendered":"","protected":false},"author":2,"featured_media":0,"parent":0,"menu_order":0,"comment_status":"closed","ping_status":"closed","template":"","meta":{"footnotes":""},"class_list":["post-410","page","type-page","status-publish","hentry"],"_links":{"self":[{"href":"https:\/\/www.zateplovanisedlacek.cz\/index.php?rest_route=\/wp\/v2\/pages\/410","targetHints":{"allow":["GET"]}}],"collection":[{"href":"https:\/\/www.zateplovanisedlacek.cz\/index.php?rest_route=\/wp\/v2\/pages"}],"about":[{"href":"https:\/\/www.zateplovanisedlacek.cz\/index.php?rest_route=\/wp\/v2\/types\/page"}],"author":[{"embeddable":true,"href":"https:\/\/www.zateplovanisedlacek.cz\/index.php?rest_route=\/wp\/v2\/users\/2"}],"replies":[{"embeddable":true,"href":"https:\/\/www.zateplovanisedlacek.cz\/index.php?rest_route=%2Fwp%2Fv2%2Fcomments&post=410"}],"version-history":[{"count":1,"href":"https:\/\/www.zateplovanisedlacek.cz\/index.php?rest_route=\/wp\/v2\/pages\/410\/revisions"}],"predecessor-version":[{"id":417,"href":"https:\/\/www.zateplovanisedlacek.cz\/index.php?rest_route=\/wp\/v2\/pages\/410\/revisions\/417"}],"wp:attachment":[{"href":"https:\/\/www.zateplovanisedlacek.cz\/index.php?rest_route=%2Fwp%2Fv2%2Fmedia&parent=410"}],"curies":[{"name":"wp","href":"https:\/\/api.w.org\/{rel}","templated":true}]}}